and 840668?
146
What is the greatest common factor of 89984 and 224?
32
Calculate the highest common divisor of 3774 and 1819.
17
What is the greatest common divisor of 13 and 378638?
13
What is the highest common divisor of 4086 and 1838246?
454
Calculate the highest common divisor of 7676 and 99028.
76
Calculate the highest common factor of 21 and 178233.
3
Calculate the highest common divisor of 723349 and 418.
209
Calculate the highest common divisor of 28 and 84076.
4
Calculate the highest common divisor of 4890 and 125184.
978
Calculate the highest common factor of 2576 and 709856.
112
Calculate the greatest common factor of 6629 and 1817293.
947
What is the greatest common factor of 2535 and 258765?
195
Calculate the greatest common factor of 4432 and 82.
2
What is the greatest common divisor of 18081 and 243?
9
What is the greatest common factor of 165 and 99110?
55
What is the greatest common divisor of 2321 and 1055?
211
Calculate the greatest common divisor of 10373 and 92.
23
Calculate the greatest common factor of 3980 and 625.
5
Calculate the highest common divisor of 975 and 843225.
75
What is the highest common divisor of 845 and 20410?
65
What is the highest common divisor of 51508 and 28?
4
Calculate the greatest common divisor of 3654 and 32712.
174
Calculate the highest common factor of 7990 and 637602.
1598
What is the greatest common divisor of 7686 and 323910?
1098
Calculate the highest common divisor of 896 and 300832.
224
What is the greatest common factor of 797 and 252649?
797
Calculate the greatest common divisor of 98 and 16114.
14
Calculate the highest common divisor of 37772 and 365792.
1988
Calculate the greatest common divisor of 29546 and 442.
34
Calculate the greatest common factor of 108 and 6684.
12
Calculate the highest common factor of 582624 and 56.
56
What is the highest common factor of 8798 and 45315?
53
What is the highest common factor of 1411151 and 217?
217
Calculate the greatest common divisor of 1501 and 1930286.
1501
Calculate the highest common factor of 201087 and 9.
9
What is the greatest common factor of 106 and 8952442?
106
What is the greatest common divisor of 5806755 and 15?
15
Calculate the highest common factor of 704 and 1914616.
88
What is the greatest common factor of 405 and 35415?
45
Calculate the greatest common factor of 396 and 6336.
396
Calculate the highest common factor of 17 and 68459.
17
What is the greatest common factor of 6204 and 51042?
282
What is the highest common divisor of 9380 and 127680?
140
Calculate the highest common divisor of 7212 and 14580.
12
What is the greatest common factor of 11924 and 15447?
271
What is the greatest common divisor of 132645 and 43845?
555
Calculate the greatest common divisor of 164 and 2771764.
164
Calculate the highest common factor of 22 and 139766.
22
What is the highest common divisor of 6560 and 31652?
164
Calculate the greatest common divisor of 11412502 and 1406.
1406
What is the highest common factor of 13041 and 11431?
161
Calculate the highest common divisor of 976 and 190808.
488
What is the highest common factor of 29984 and 128?
32
What is the highest common factor of 133735 and 5?
5
Calculate the greatest common factor of 22 and 1843127.
11
Calculate the highest common divisor of 2005 and 10.
5
What is the greatest common divisor of 3845160 and 55?
55
What is the greatest common factor of 83235 and 5115?
465
What is the greatest common factor of 6721 and 8178?
47
What is the highest common factor of 47582 and 9250?
74
What is the greatest common divisor of 207458 and 282?
94
What is the highest common factor of 42 and 2725268?
14
What is the greatest common divisor of 432 and 5488?
16
Calculate the greatest common divisor of 15533 and 7693.
49
What is the greatest common factor of 506156 and 42?
14
What is the highest common factor of 116 and 433028?
116
Calculate the highest common divisor of 57525 and 125.
25
Calculate the highest common divisor of 17995968 and 16.
16
Calculate the greatest common factor of 108 and 9419436.
108
Calculate the highest common divisor of 3400848 and 288.
144
What is the highest common divisor of 65888 and 928?
928
Calculate the highest common factor of 568464 and 2496.
624
Calculate the greatest common factor of 10403 and 202.
101
What is the highest common divisor of 48272 and 63?
7
What is the highest common divisor of 171 and 414585?
9
Calculate the greatest common factor of 73 and 25185.
73
What is the highest common divisor of 132752 and 136?
8
What is the highest common divisor of 322853 and 13972?
499
Calculate the greatest common divisor of 38521 and 161.
7
What is the greatest common factor of 518196 and 186?
186
What is the greatest common factor of 214 and 1837297?
107
Calculate the greatest common factor of 605 and 2212969.
121
Calculate the greatest common factor of 1003 and 328571.
59
What is the highest common divisor of 5715 and 20?
5
Calculate the greatest common divisor of 1979929 and 7.
7
Calculate the greatest common factor of 73744 and 396.
44
Calculate the highest common divisor of 98 and 2879814.
14
Calculate the greatest common divisor of 213479 and 14.
7
Calculate the greatest common divisor of 5764 and 1232.
44
Calculate the highest common divisor of 1148 and 532.
28
Calculate the highest common factor of 27587 and 12949.
563
What is the highest common factor of 1500 and 152900?
100
What is the highest common factor of 294 and 175371?
147
Calculate the highest common factor of 46 and 73922.
46
What is the highest common divisor of 3811 and 47895?
103
Calculate the highest common divisor of 318332 and 42.
14
What is the greatest common divisor of 180697 and 33?
11
Calculate the highest common factor of 3478 and 2162.
94
What is the greatest common factor of 346 and 5220967?
173
What is the greatest common factor of 2085 and 278695?
695
Calculate the greatest common factor of 42 and 16786.
14
Calculate the highest common divisor of 39 and 1237418.
13
Calculate the greatest common divisor of 150870 and 235.
235
Calculate the greatest common factor of 2479 and 45359.
67
Calculate the highest common divisor of 23 and 148534.
23
Calculate the greatest common divisor of 5336 and 1972.
116
What is the greatest common divisor of 40839 and 39?
3
Calculate the highest common factor of 1560294 and 9.
9
Calculate the highest common divisor of 110 and 1804.
22
Calculate the highest common divisor of 14194 and 940.
94
What is the highest common divisor of 507236 and 44?
4
Calculate the highest common divisor of 6588 and 1692.
36
Calculate the greatest common divisor of 9788 and 63.
1
What is the greatest common factor of 33738 and 66?
6
Calculate the highest common factor of 134 and 22.
2
Calculate the highest common factor of 60 and 10190670.
30
Calculate the highest common factor of 572 and 1133.
11
What is the greatest common factor of 21962 and 316?
158
Calculate the highest common factor of 105374 and 658.
94
Calculate the greatest common divisor of 2268 and 21896.
28
Calculate the greatest common divisor of 1195 and 1113023.
239
What is the highest common divisor of 72 and 98776?
8
What is the greatest common factor of 6 and 2668026?
6
What is the greatest common factor of 528684 and 832?
52
Calculate the highest common factor of 36 and 14340.
12
What is the greatest common divisor of 724 and 19729?
181
Calculate the greatest common divisor of 5390 and 368830.
770
What is the highest common divisor of 40832 and 146102?
638
Calculate the highest common divisor of 6460 and 306.
34
Calculate the greatest common divisor of 121 and 56452.
11
What is the greatest common factor of 49380 and 6420?
60
Calculate the highest common factor of 468 and 601614.
234
Calculate the greatest common factor of 30 and 179385.
15
Calculate the greatest common divisor of 400323 and 462.
231
Calculate the greatest common factor of 18915 and 435.
15
Calculate the greatest common divisor of 1326 and 1183234.
442
Calculate the greatest common divisor of 616 and 13013.
77
What is the greatest common factor of 11388 and 24?
12
Calculate the greatest common divisor of 1020 and 17580.
60
What is the greatest common divisor of 364 and 756?
28
What is the greatest common factor of 363 and 100551?
3